{"id":109,"date":"2023-04-28T16:47:17","date_gmt":"2023-04-28T14:47:17","guid":{"rendered":"https:\/\/www.hsoptika.cz\/?page_id=109"},"modified":"2023-09-21T08:40:01","modified_gmt":"2023-09-21T06:40:01","slug":"vyjadrovaci-portal","status":"publish","type":"page","link":"https:\/\/www.hsoptika.cz\/?page_id=109","title":{"rendered":"Vyjad\u0159ovac\u00ed port\u00e1l"},"content":{"rendered":"\t\t<div data-elementor-type=\"wp-page\" data-elementor-id=\"109\" class=\"elementor elementor-109\">\n\t\t\t\t\t\t<section class=\"elementor-section elementor-top-section elementor-element elementor-element-fdd7068 elementor-section-boxed elementor-section-height-default elementor-section-height-default\" data-id=\"fdd7068\" data-element_type=\"section\" data-e-type=\"section\">\n\t\t\t\t\t\t<div class=\"elementor-container elementor-column-gap-default\">\n\t\t\t\t\t<div class=\"elementor-column elementor-col-100 elementor-top-column elementor-element elementor-element-b9b814b\" data-id=\"b9b814b\" data-element_type=\"column\" data-e-type=\"column\">\n\t\t\t<div class=\"elementor-widget-wrap elementor-element-populated\">\n\t\t\t\t\t\t<div class=\"elementor-element elementor-element-55876fe elementor-widget elementor-widget-heading\" data-id=\"55876fe\" data-element_type=\"widget\" data-e-type=\"widget\" data-widget_type=\"heading.default\">\n\t\t\t\t<div class=\"elementor-widget-container\">\n\t\t\t\t\t<h2 class=\"elementor-heading-title elementor-size-default\">Vyjad\u0159ovac\u00ed port\u00e1l<\/h2>\t\t\t\t<\/div>\n\t\t\t\t<\/div>\n\t\t\t\t<div class=\"elementor-element elementor-element-889bc77 elementor-widget elementor-widget-text-editor\" data-id=\"889bc77\" data-element_type=\"widget\" data-e-type=\"widget\" data-widget_type=\"text-editor.default\">\n\t\t\t\t<div class=\"elementor-widget-container\">\n\t\t\t\t\t\t\t\t\t<p><span style=\"color: var(--sydney-text-color);\">V\u0161ichni provozovatel\u00e9 in\u017een\u00fdrsk\u00fdch s\u00edt\u00ed jsou&nbsp;<\/span>dle \u00a786 a \u00a7110 z\u00e1kona \u010d. 183\/2006 Sb.&nbsp;<span style=\"color: var(--sydney-text-color);\">povinni se vyj\u00e1d\u0159it k existenci jejich s\u00edt\u00ed. Pro pot\u0159eby V\u00e1s provozovatel\u016f optick\u00fdch s\u00edt\u00ed nebo jin\u00fdch in\u017een\u00fdrsk\u00fdch s\u00edt\u00ed V\u00e1m nab\u00edz\u00edme na\u0161e webov\u00e9 \u0159e\u0161en\u00ed&nbsp;<\/span><span style=\"color: var(--sydney-text-color);\"><b>Vyjad\u0159ovac\u00edho port\u00e1lu<\/b><\/span><span style=\"color: var(--sydney-text-color);\">.<\/span><\/p>\n<p>\u0158e\u0161en\u00ed je v sou\u010dasn\u00e9 dostupn\u00e9 zcela zdarma pro spole\u010dnosti a organizace vyu\u017e\u00edvaj\u00edc\u00ed n\u00e1\u0161 syst\u00e9m <a href=\"https:\/\/www.hsoptika.cz\/?page_id=85\"><b>HSOptika<\/b><\/a>, lze ho ale vyu\u017e\u00edt nez\u00e1visle pro pot\u0159eby spr\u00e1vc\u016f jin\u00fdch in\u017een\u00fdrsk\u00fdch s\u00edt\u00ed nad jejich geoprostorov\u00fdmi datab\u00e1zemi.<\/p>\n<h3>Mo\u017enosti:<\/h3>\n<ul>\n<li>Pln\u011b responzivn\u00ed design str\u00e1nek pro komunikaci s ve\u0159ejnost\u00ed, mo\u017enost&nbsp;<b>inkludov\u00e1n\u00ed<\/b> t\u011bchto str\u00e1nek&nbsp;<b>do webu organizace<\/b>.<\/li>\n<li><b>Zad\u00e1n\u00ed \u017e\u00e1dosti<\/b><strong>&nbsp;<\/strong>prost\u0159ednictv\u00edm&nbsp;<b>pr\u016fvodce<\/b>, strukturovan\u00fd formul\u00e1\u0159 pro zad\u00e1n\u00ed u\u017eivatelsk\u00e9ho po\u017eadavku s mo\u017enost\u00ed vlo\u017een\u00ed p\u0159\u00edloh, mapa s jednoduch\u00fdm ovl\u00e1d\u00e1n\u00edm pro on-line z\u00e1kres po\u017eadovan\u00e9ho \u00fazem\u00ed (vyhled\u00e1n\u00ed adres, parcel)<\/li>\n<li>Nez\u00e1visl\u00fd&nbsp;<b>administr\u00e1torsk\u00fd modul<\/b><strong>&nbsp;<\/strong>pro administraci p\u0159ijat\u00fdch \u017e\u00e1dost\u00ed o vyj\u00e1d\u0159en\u00ed, pro vlastn\u00ed p\u0159\u00edpravu a odesl\u00e1n\u00ed vyj\u00e1d\u0159en\u00ed \u017eadatel\u016fm<\/li>\n<li>Generov\u00e1n\u00ed vlastn\u00edho vyj\u00e1d\u0159en\u00ed v\u010detn\u011b grafick\u00fdch mapov\u00fdch p\u0159\u00edloh ve voliteln\u00e9m m\u011b\u0159\u00edtku (form\u00e1t PDF)<\/li>\n<li>Automatick\u00e9 generov\u00e1n\u00ed samostatn\u00e9 p\u0159\u00edlohy &#8211; <b>v\u00fdkresu dot\u010den\u00fdch s\u00edt\u00ed<\/b> v po\u017eadovan\u00e9m \u00fazem\u00ed (DGN form\u00e1t)<\/li>\n<li>Rozes\u00edl\u00e1n\u00ed vyj\u00e1d\u0159en\u00ed prost\u0159ednictv\u00edm elektronick\u00e9 po\u0161ty se v\u0161emi p\u0159\u00edlohami (vlastn\u00ed vyj\u00e1d\u0159en\u00ed, v\u00fdkres dot\u010den\u00fdch s\u00edt\u00ed + dal\u0161\u00ed voliteln\u00e9 p\u0159\u00edlohy)<\/li>\n<li><b>Mo\u017enosti p\u0159izp\u016fsoben\u00ed<\/b> vyjad\u0159ovac\u00edho port\u00e1lu pro poskytov\u00e1n\u00ed vyj\u00e1d\u0159en\u00ed v\u00edce organizac\u00ed + dal\u0161\u00ed p\u0159izp\u016fsoben\u00ed port\u00e1lu na m\u00edru Va\u0161im pot\u0159eb\u00e1m<\/li>\n<\/ul>\t\t\t\t\t\t\t\t<\/div>\n\t\t\t\t<\/div>\n\t\t\t\t<div class=\"elementor-element elementor-element-07c2619 gallery-spacing-custom elementor-widget elementor-widget-image-gallery\" data-id=\"07c2619\" data-element_type=\"widget\" data-e-type=\"widget\" data-widget_type=\"image-gallery.default\">\n\t\t\t\t<div class=\"elementor-widget-container\">\n\t\t\t\t\t\t\t<div class=\"elementor-image-gallery\">\n\t\t\t<div id='gallery-1' class='gallery galleryid-109 gallery-columns-4 gallery-size-medium'><figure class='gallery-item'>\n\t\t\t<div class='gallery-icon landscape'>\n\t\t\t\t<a data-elementor-open-lightbox=\"yes\" data-elementor-lightbox-slideshow=\"07c2619\" data-elementor-lightbox-title=\"vyj1\" data-e-action-hash=\"#elementor-action%3Aaction%3Dlightbox%26settings%3DeyJpZCI6NDcwLCJ1cmwiOiJodHRwczpcL1wvd3d3Lmhzb3B0aWthLmN6XC93cC1jb250ZW50XC91cGxvYWRzXC8yMDIzXC8wNFwvdnlqMS5wbmciLCJzbGlkZXNob3ciOiIwN2MyNjE5In0%3D\" href='https:\/\/www.hsoptika.cz\/wp-content\/uploads\/2023\/04\/vyj1.png'><img decoding=\"async\" width=\"300\" height=\"162\" src=\"https:\/\/www.hsoptika.cz\/wp-content\/uploads\/2023\/04\/vyj1-300x162.png\" class=\"attachment-medium size-medium\" alt=\"\" srcset=\"https:\/\/www.hsoptika.cz\/wp-content\/uploads\/2023\/04\/vyj1-300x162.png 300w, https:\/\/www.hsoptika.cz\/wp-content\/uploads\/2023\/04\/vyj1-1024x552.png 1024w, https:\/\/www.hsoptika.cz\/wp-content\/uploads\/2023\/04\/vyj1-768x414.png 768w, https:\/\/www.hsoptika.cz\/wp-content\/uploads\/2023\/04\/vyj1-1536x828.png 1536w, https:\/\/www.hsoptika.cz\/wp-content\/uploads\/2023\/04\/vyj1-1000x539.png 1000w, https:\/\/www.hsoptika.cz\/wp-content\/uploads\/2023\/04\/vyj1-230x124.png 230w, https:\/\/www.hsoptika.cz\/wp-content\/uploads\/2023\/04\/vyj1-350x189.png 350w, https:\/\/www.hsoptika.cz\/wp-content\/uploads\/2023\/04\/vyj1-480x259.png 480w, https:\/\/www.hsoptika.cz\/wp-content\/uploads\/2023\/04\/vyj1.png 1973w\" sizes=\"(max-width: 300px) 100vw, 300px\" \/><\/a>\n\t\t\t<\/div><\/figure><figure class='gallery-item'>\n\t\t\t<div class='gallery-icon landscape'>\n\t\t\t\t<a data-elementor-open-lightbox=\"yes\" data-elementor-lightbox-slideshow=\"07c2619\" data-elementor-lightbox-title=\"vyj2\" data-e-action-hash=\"#elementor-action%3Aaction%3Dlightbox%26settings%3DeyJpZCI6NDc4LCJ1cmwiOiJodHRwczpcL1wvd3d3Lmhzb3B0aWthLmN6XC93cC1jb250ZW50XC91cGxvYWRzXC8yMDIzXC8wNFwvdnlqMi5wbmciLCJzbGlkZXNob3ciOiIwN2MyNjE5In0%3D\" href='https:\/\/www.hsoptika.cz\/wp-content\/uploads\/2023\/04\/vyj2.png'><img fetchpriority=\"high\" decoding=\"async\" width=\"300\" height=\"169\" src=\"https:\/\/www.hsoptika.cz\/wp-content\/uploads\/2023\/04\/vyj2-300x169.png\" class=\"attachment-medium size-medium\" alt=\"\" srcset=\"https:\/\/www.hsoptika.cz\/wp-content\/uploads\/2023\/04\/vyj2-300x169.png 300w, https:\/\/www.hsoptika.cz\/wp-content\/uploads\/2023\/04\/vyj2-1024x576.png 1024w, https:\/\/www.hsoptika.cz\/wp-content\/uploads\/2023\/04\/vyj2-768x432.png 768w, https:\/\/www.hsoptika.cz\/wp-content\/uploads\/2023\/04\/vyj2-1536x864.png 1536w, https:\/\/www.hsoptika.cz\/wp-content\/uploads\/2023\/04\/vyj2-1000x563.png 1000w, https:\/\/www.hsoptika.cz\/wp-content\/uploads\/2023\/04\/vyj2-230x129.png 230w, https:\/\/www.hsoptika.cz\/wp-content\/uploads\/2023\/04\/vyj2-350x197.png 350w, https:\/\/www.hsoptika.cz\/wp-content\/uploads\/2023\/04\/vyj2-480x270.png 480w, https:\/\/www.hsoptika.cz\/wp-content\/uploads\/2023\/04\/vyj2.png 1920w\" sizes=\"(max-width: 300px) 100vw, 300px\" \/><\/a>\n\t\t\t<\/div><\/figure><figure class='gallery-item'>\n\t\t\t<div class='gallery-icon landscape'>\n\t\t\t\t<a data-elementor-open-lightbox=\"yes\" data-elementor-lightbox-slideshow=\"07c2619\" data-elementor-lightbox-title=\"vyj3\" data-e-action-hash=\"#elementor-action%3Aaction%3Dlightbox%26settings%3DeyJpZCI6NDgzLCJ1cmwiOiJodHRwczpcL1wvd3d3Lmhzb3B0aWthLmN6XC93cC1jb250ZW50XC91cGxvYWRzXC8yMDIzXC8wNFwvdnlqMy5wbmciLCJzbGlkZXNob3ciOiIwN2MyNjE5In0%3D\" href='https:\/\/www.hsoptika.cz\/wp-content\/uploads\/2023\/04\/vyj3.png'><img decoding=\"async\" width=\"300\" height=\"169\" src=\"https:\/\/www.hsoptika.cz\/wp-content\/uploads\/2023\/04\/vyj3-300x169.png\" class=\"attachment-medium size-medium\" alt=\"\" srcset=\"https:\/\/www.hsoptika.cz\/wp-content\/uploads\/2023\/04\/vyj3-300x169.png 300w, https:\/\/www.hsoptika.cz\/wp-content\/uploads\/2023\/04\/vyj3-1024x576.png 1024w, https:\/\/www.hsoptika.cz\/wp-content\/uploads\/2023\/04\/vyj3-768x432.png 768w, https:\/\/www.hsoptika.cz\/wp-content\/uploads\/2023\/04\/vyj3-1536x864.png 1536w, https:\/\/www.hsoptika.cz\/wp-content\/uploads\/2023\/04\/vyj3-1000x563.png 1000w, https:\/\/www.hsoptika.cz\/wp-content\/uploads\/2023\/04\/vyj3-230x129.png 230w, https:\/\/www.hsoptika.cz\/wp-content\/uploads\/2023\/04\/vyj3-350x197.png 350w, https:\/\/www.hsoptika.cz\/wp-content\/uploads\/2023\/04\/vyj3-480x270.png 480w, https:\/\/www.hsoptika.cz\/wp-content\/uploads\/2023\/04\/vyj3.png 1920w\" sizes=\"(max-width: 300px) 100vw, 300px\" \/><\/a>\n\t\t\t<\/div><\/figure><figure class='gallery-item'>\n\t\t\t<div class='gallery-icon landscape'>\n\t\t\t\t<a data-elementor-open-lightbox=\"yes\" data-elementor-lightbox-slideshow=\"07c2619\" data-elementor-lightbox-title=\"vyj4b\" data-e-action-hash=\"#elementor-action%3Aaction%3Dlightbox%26settings%3DeyJpZCI6NTQ1LCJ1cmwiOiJodHRwczpcL1wvd3d3Lmhzb3B0aWthLmN6XC93cC1jb250ZW50XC91cGxvYWRzXC8yMDIzXC8wOVwvdnlqNGIucG5nIiwic2xpZGVzaG93IjoiMDdjMjYxOSJ9\" href='https:\/\/www.hsoptika.cz\/wp-content\/uploads\/2023\/09\/vyj4b.png'><img loading=\"lazy\" decoding=\"async\" width=\"300\" height=\"281\" src=\"https:\/\/www.hsoptika.cz\/wp-content\/uploads\/2023\/09\/vyj4b-300x281.png\" class=\"attachment-medium size-medium\" alt=\"\" srcset=\"https:\/\/www.hsoptika.cz\/wp-content\/uploads\/2023\/09\/vyj4b-300x281.png 300w, https:\/\/www.hsoptika.cz\/wp-content\/uploads\/2023\/09\/vyj4b-1024x960.png 1024w, https:\/\/www.hsoptika.cz\/wp-content\/uploads\/2023\/09\/vyj4b-768x720.png 768w, https:\/\/www.hsoptika.cz\/wp-content\/uploads\/2023\/09\/vyj4b-1536x1440.png 1536w, https:\/\/www.hsoptika.cz\/wp-content\/uploads\/2023\/09\/vyj4b-2048x1921.png 2048w, https:\/\/www.hsoptika.cz\/wp-content\/uploads\/2023\/09\/vyj4b-1000x938.png 1000w, https:\/\/www.hsoptika.cz\/wp-content\/uploads\/2023\/09\/vyj4b-230x216.png 230w, https:\/\/www.hsoptika.cz\/wp-content\/uploads\/2023\/09\/vyj4b-350x328.png 350w, https:\/\/www.hsoptika.cz\/wp-content\/uploads\/2023\/09\/vyj4b-480x450.png 480w\" sizes=\"(max-width: 300px) 100vw, 300px\" \/><\/a>\n\t\t\t<\/div><\/figure>\n\t\t<\/div>\n\t\t<\/div>\n\t\t\t\t\t\t<\/div>\n\t\t\t\t<\/div>\n\t\t\t\t\t<\/div>\n\t\t<\/div>\n\t\t\t\t\t<\/div>\n\t\t<\/section>\n\t\t\t\t<section class=\"elementor-section elementor-top-section elementor-element elementor-element-ac130ce elementor-section-boxed elementor-section-height-default elementor-section-height-default\" data-id=\"ac130ce\" data-element_type=\"section\" data-e-type=\"section\">\n\t\t\t\t\t\t<div class=\"elementor-container elementor-column-gap-default\">\n\t\t\t\t\t<div class=\"elementor-column elementor-col-100 elementor-top-column elementor-element elementor-element-3e28ce9\" data-id=\"3e28ce9\" data-element_type=\"column\" data-e-type=\"column\">\n\t\t\t<div class=\"elementor-widget-wrap\">\n\t\t\t\t\t\t\t<\/div>\n\t\t<\/div>\n\t\t\t\t\t<\/div>\n\t\t<\/section>\n\t\t\t\t<\/div>\n\t\t","protected":false},"excerpt":{"rendered":"<p>Vyjad\u0159ovac\u00ed port\u00e1l V\u0161ichni provozovatel\u00e9 in\u017een\u00fdrsk\u00fdch s\u00edt\u00ed jsou&nbsp;dle \u00a786 a \u00a7110 z\u00e1kona \u010d. 183\/2006 Sb.&nbsp;povinni se vyj\u00e1d\u0159it k existenci jejich s\u00edt\u00ed. Pro pot\u0159eby [&hellip;]<\/p>\n","protected":false},"author":1,"featured_media":0,"parent":0,"menu_order":0,"comment_status":"closed","ping_status":"closed","template":"elementor_header_footer","meta":{"_eb_attr":"","footnotes":""},"class_list":["post-109","page","type-page","status-publish","hentry"],"_links":{"self":[{"href":"https:\/\/www.hsoptika.cz\/index.php?rest_route=\/wp\/v2\/pages\/109","targetHints":{"allow":["GET"]}}],"collection":[{"href":"https:\/\/www.hsoptika.cz\/index.php?rest_route=\/wp\/v2\/pages"}],"about":[{"href":"https:\/\/www.hsoptika.cz\/index.php?rest_route=\/wp\/v2\/types\/page"}],"author":[{"embeddable":true,"href":"https:\/\/www.hsoptika.cz\/index.php?rest_route=\/wp\/v2\/users\/1"}],"replies":[{"embeddable":true,"href":"https:\/\/www.hsoptika.cz\/index.php?rest_route=%2Fwp%2Fv2%2Fcomments&post=109"}],"version-history":[{"count":55,"href":"https:\/\/www.hsoptika.cz\/index.php?rest_route=\/wp\/v2\/pages\/109\/revisions"}],"predecessor-version":[{"id":548,"href":"https:\/\/www.hsoptika.cz\/index.php?rest_route=\/wp\/v2\/pages\/109\/revisions\/548"}],"wp:attachment":[{"href":"https:\/\/www.hsoptika.cz\/index.php?rest_route=%2Fwp%2Fv2%2Fmedia&parent=109"}],"curies":[{"name":"wp","href":"https:\/\/api.w.org\/{rel}","templated":true}]}}